{"id":157979,"date":"2025-04-26T15:40:41","date_gmt":"2025-04-26T18:40:41","guid":{"rendered":"https:\/\/obrascatolicas.com\/editorarealeza\/?page_id=157979"},"modified":"2025-04-26T16:08:31","modified_gmt":"2025-04-26T19:08:31","slug":"biblioteca-digital","status":"publish","type":"page","link":"https:\/\/obrascatolicas.com\/editorarealeza\/biblioteca-digital\/","title":{"rendered":"Biblioteca Digital"},"content":{"rendered":"\t\t<div data-elementor-type=\"wp-page\" data-elementor-id=\"157979\" class=\"elementor elementor-157979\" data-elementor-post-type=\"page\">\n\t\t\t\t<div class=\"elementor-element elementor-element-43e23ca e-flex e-con-boxed e-con e-parent\" data-id=\"43e23ca\" data-element_type=\"container\" data-e-type=\"container\">\n\t\t\t\t\t<div class=\"e-con-inner\">\n\t\t\t\t<div class=\"elementor-element elementor-element-8d5a832 elementor-widget elementor-widget-spacer\" data-id=\"8d5a832\" data-element_type=\"widget\" data-e-type=\"widget\" data-widget_type=\"spacer.default\">\n\t\t\t\t<div class=\"elementor-widget-container\">\n\t\t\t\t\t\t\t<div class=\"elementor-spacer\">\n\t\t\t<div class=\"elementor-spacer-inner\"><\/div>\n\t\t<\/div>\n\t\t\t\t\t\t<\/div>\n\t\t\t\t<\/div>\n\t\t\t\t<div class=\"elementor-element elementor-element-14cbaba elementor-widget elementor-widget-text-editor\" data-id=\"14cbaba\" data-element_type=\"widget\" data-e-type=\"widget\" data-widget_type=\"text-editor.default\">\n\t\t\t\t<div class=\"elementor-widget-container\">\n\t\t\t\t\t\t\t\t\t<p style=\"text-align: center;\" data-pm-slice=\"0 0 []\"><b>Estamos atualizando nosso acervo de livros digitalizados no obrascatolicas.com com uma nova plataforma, agradecemos pela paci\u00eancia e apoio!<\/b><br><span style=\"font-size: 15px;\"><b>Abaixo, seguem algumas obras que j\u00e1 est\u00e3o prontas para serem visualizadas.<\/b><\/span><\/p>\t\t\t\t\t\t\t\t<\/div>\n\t\t\t\t<\/div>\n\t\t\t\t<div class=\"elementor-element elementor-element-ae8bf21 elementor-widget elementor-widget-html\" data-id=\"ae8bf21\" data-element_type=\"widget\" data-e-type=\"widget\" data-widget_type=\"html.default\">\n\t\t\t\t<div class=\"elementor-widget-container\">\n\t\t\t\t\t<iframe style=\"width:1200px;height:600px\" src=\"https:\/\/fliphtml5.com\/bookcase\/ufkuv\/\" seamless=\"seamless\" scrolling=\"no\" frameborder=\"0\" allowtransparency=\"true\" allowfullscreen=\"true\" ><\/iframe>\r\n\t\t\t\t<\/div>\n\t\t\t\t<\/div>\n\t\t\t\t\t<\/div>\n\t\t\t\t<\/div>\n\t\t\t\t<\/div>\n\t\t","protected":false},"excerpt":{"rendered":"<p>Estamos atualizando nosso acervo de livros digitalizados no obrascatolicas.com com uma nova plataforma, agradecemos pela paci\u00eancia e apoio!Abaixo, seguem algumas obras que j\u00e1 est\u00e3o prontas para serem visualizadas.<\/p>\n","protected":false},"author":2,"featured_media":0,"parent":0,"menu_order":0,"comment_status":"closed","ping_status":"closed","template":"","meta":{"site-sidebar-layout":"no-sidebar","site-content-layout":"page-builder","ast-site-content-layout":"default","site-content-style":"default","site-sidebar-style":"default","ast-global-header-display":"","ast-banner-title-visibility":"","ast-main-header-display":"","ast-hfb-above-header-display":"","ast-hfb-below-header-display":"","ast-hfb-mobile-header-display":"","site-post-title":"disabled","ast-breadcrumbs-content":"","ast-featured-img":"disabled","footer-sml-layout":"","ast-disable-related-posts":"","theme-transparent-header-meta":"","adv-header-id-meta":"","stick-header-meta":"","header-above-stick-meta":"","header-main-stick-meta":"","header-below-stick-meta":"","astra-migrate-meta-layouts":"default","ast-page-background-enabled":"default","ast-page-background-meta":{"desktop":{"background-color":"","background-image":"","background-repeat":"repeat","background-position":"center center","background-size":"auto","background-attachment":"scroll","background-type":"","background-media":"","overlay-type":"","overlay-color":"","overlay-opacity":"","overlay-gradient":""},"tablet":{"background-color":"","background-image":"","background-repeat":"repeat","background-position":"center center","background-size":"auto","background-attachment":"scroll","background-type":"","background-media":"","overlay-type":"","overlay-color":"","overlay-opacity":"","overlay-gradient":""},"mobile":{"background-color":"","background-image":"","background-repeat":"repeat","background-position":"center center","background-size":"auto","background-attachment":"scroll","background-type":"","background-media":"","overlay-type":"","overlay-color":"","overlay-opacity":"","overlay-gradient":""}},"ast-content-background-meta":{"desktop":{"background-color":"var(--ast-global-color-5)","background-image":"","background-repeat":"repeat","background-position":"center center","background-size":"auto","background-attachment":"scroll","background-type":"","background-media":"","overlay-type":"","overlay-color":"","overlay-opacity":"","overlay-gradient":""},"tablet":{"background-color":"var(--ast-global-color-5)","background-image":"","background-repeat":"repeat","background-position":"center center","background-size":"auto","background-attachment":"scroll","background-type":"","background-media":"","overlay-type":"","overlay-color":"","overlay-opacity":"","overlay-gradient":""},"mobile":{"background-color":"var(--ast-global-color-5)","background-image":"","background-repeat":"repeat","background-position":"center center","background-size":"auto","background-attachment":"scroll","background-type":"","background-media":"","overlay-type":"","overlay-color":"","overlay-opacity":"","overlay-gradient":""}},"footnotes":""},"folder":[],"class_list":["post-157979","page","type-page","status-publish","hentry"],"_links":{"self":[{"href":"https:\/\/obrascatolicas.com\/editorarealeza\/wp-json\/wp\/v2\/pages\/157979","targetHints":{"allow":["GET"]}}],"collection":[{"href":"https:\/\/obrascatolicas.com\/editorarealeza\/wp-json\/wp\/v2\/pages"}],"about":[{"href":"https:\/\/obrascatolicas.com\/editorarealeza\/wp-json\/wp\/v2\/types\/page"}],"author":[{"embeddable":true,"href":"https:\/\/obrascatolicas.com\/editorarealeza\/wp-json\/wp\/v2\/users\/2"}],"replies":[{"embeddable":true,"href":"https:\/\/obrascatolicas.com\/editorarealeza\/wp-json\/wp\/v2\/comments?post=157979"}],"version-history":[{"count":0,"href":"https:\/\/obrascatolicas.com\/editorarealeza\/wp-json\/wp\/v2\/pages\/157979\/revisions"}],"wp:attachment":[{"href":"https:\/\/obrascatolicas.com\/editorarealeza\/wp-json\/wp\/v2\/media?parent=157979"}],"wp:term":[{"taxonomy":"folder","embeddable":true,"href":"https:\/\/obrascatolicas.com\/editorarealeza\/wp-json\/wp\/v2\/folder?post=157979"}],"curies":[{"name":"wp","href":"https:\/\/api.w.org\/{rel}","templated":true}]}}