{"id":157041,"date":"2024-07-26T16:08:20","date_gmt":"2024-07-26T19:08:20","guid":{"rendered":"https:\/\/obrascatolicas.com\/editorarealeza\/?page_id=157041"},"modified":"2025-12-17T00:23:26","modified_gmt":"2025-12-17T03:23:26","slug":"concilio-vaticano-i","status":"publish","type":"page","link":"https:\/\/obrascatolicas.com\/editorarealeza\/concilio-vaticano-i\/","title":{"rendered":"CONC\u00cdLIO VATICANO I"},"content":{"rendered":"\t\t<div data-elementor-type=\"wp-page\" data-elementor-id=\"157041\" class=\"elementor elementor-157041\" data-elementor-post-type=\"page\">\n\t\t\t\t<div class=\"elementor-element elementor-element-df60934 e-con-full e-flex e-con e-parent\" data-id=\"df60934\" data-element_type=\"container\" data-e-type=\"container\" data-settings=\"{&quot;background_background&quot;:&quot;classic&quot;}\">\n\t\t<div class=\"elementor-element elementor-element-8d52dad e-con-full e-flex e-con e-child\" data-id=\"8d52dad\" data-element_type=\"container\" data-e-type=\"container\">\n\t\t\t\t<div class=\"elementor-element elementor-element-a577d40 elementor-widget elementor-widget-image\" data-id=\"a577d40\" data-element_type=\"widget\" data-e-type=\"widget\" data-widget_type=\"image.default\">\n\t\t\t\t<div class=\"elementor-widget-container\">\n\t\t\t\t\t\t\t\t\t\t\t\t\t\t\t<img decoding=\"async\" width=\"50\" height=\"94\" src=\"https:\/\/obrascatolicas.com\/editorarealeza\/wp-content\/uploads\/2024\/07\/LOGO-OBRAS-CATOLICAS.png\" class=\"attachment-large size-large wp-image-157044\" alt=\"\" \/>\t\t\t\t\t\t\t\t\t\t\t\t\t\t\t<\/div>\n\t\t\t\t<\/div>\n\t\t\t\t<div class=\"elementor-element elementor-element-368c58b elementor-widget elementor-widget-heading\" data-id=\"368c58b\" data-element_type=\"widget\" data-e-type=\"widget\" data-widget_type=\"heading.default\">\n\t\t\t\t<div class=\"elementor-widget-container\">\n\t\t\t\t\t<h2 class=\"elementor-heading-title elementor-size-default\">Entenda a Infalibilidade Papal com clareza e profundidade.<\/h2>\t\t\t\t<\/div>\n\t\t\t\t<\/div>\n\t\t\t\t<div class=\"elementor-element elementor-element-324e6bc elementor-widget elementor-widget-text-editor\" data-id=\"324e6bc\" data-element_type=\"widget\" data-e-type=\"widget\" data-widget_type=\"text-editor.default\">\n\t\t\t\t<div class=\"elementor-widget-container\">\n\t\t\t\t\t\t\t\t\t<p>Vivemos tempos de confus\u00e3o na Igreja, com prega\u00e7\u00f5es aberrantes de alguns pastores, levando os leigos a se dividirem em grupos com opini\u00f5es conflitantes. A correta compreens\u00e3o da infalibilidade papal \u00e9 essencial para superar essa dificuldade e encontrar solu\u00e7\u00e3o.<\/p>\t\t\t\t\t\t\t\t<\/div>\n\t\t\t\t<\/div>\n\t\t\t\t<div class=\"elementor-element elementor-element-b20c574 elementor-widget elementor-widget-button\" data-id=\"b20c574\" data-element_type=\"widget\" data-e-type=\"widget\" data-widget_type=\"button.default\">\n\t\t\t\t<div class=\"elementor-widget-container\">\n\t\t\t\t\t\t\t\t\t<div class=\"elementor-button-wrapper\">\n\t\t\t\t\t<a class=\"elementor-button elementor-button-link elementor-size-sm\" href=\"https:\/\/www.loja.obrascatolicas.com\/concilio-vaticano-i\">\n\t\t\t\t\t\t<span class=\"elementor-button-content-wrapper\">\n\t\t\t\t\t\t\t\t\t<span class=\"elementor-button-text\">QUERO ADQUIRIR<\/span>\n\t\t\t\t\t<\/span>\n\t\t\t\t\t<\/a>\n\t\t\t\t<\/div>\n\t\t\t\t\t\t\t\t<\/div>\n\t\t\t\t<\/div>\n\t\t\t\t<\/div>\n\t\t<div class=\"elementor-element elementor-element-65aacc5 e-con-full e-flex e-con e-child\" data-id=\"65aacc5\" data-element_type=\"container\" data-e-type=\"container\">\n\t\t\t\t<div class=\"elementor-element elementor-element-3542b83 elementor-widget elementor-widget-image\" data-id=\"3542b83\" data-element_type=\"widget\" data-e-type=\"widget\" data-widget_type=\"image.default\">\n\t\t\t\t<div class=\"elementor-widget-container\">\n\t\t\t\t\t\t\t\t\t\t\t\t\t\t\t<img fetchpriority=\"high\" decoding=\"async\" width=\"707\" height=\"377\" src=\"https:\/\/obrascatolicas.com\/editorarealeza\/wp-content\/uploads\/2024\/07\/MOCKUP-CAPA.png\" class=\"attachment-large size-large wp-image-157045\" alt=\"\" srcset=\"https:\/\/obrascatolicas.com\/editorarealeza\/wp-content\/uploads\/2024\/07\/MOCKUP-CAPA.png 707w, https:\/\/obrascatolicas.com\/editorarealeza\/wp-content\/uploads\/2024\/07\/MOCKUP-CAPA-600x320.png 600w, https:\/\/obrascatolicas.com\/editorarealeza\/wp-content\/uploads\/2024\/07\/MOCKUP-CAPA-300x160.png 300w\" sizes=\"(max-width: 707px) 100vw, 707px\" \/>\t\t\t\t\t\t\t\t\t\t\t\t\t\t\t<\/div>\n\t\t\t\t<\/div>\n\t\t\t\t<\/div>\n\t\t\t\t<\/div>\n\t\t<div class=\"elementor-element elementor-element-119c22c e-con-full e-flex e-con e-parent\" data-id=\"119c22c\" data-element_type=\"container\" data-e-type=\"container\" data-settings=\"{&quot;background_background&quot;:&quot;classic&quot;}\">\n\t\t<div class=\"elementor-element elementor-element-c77103e e-con-full e-flex e-con e-child\" data-id=\"c77103e\" data-element_type=\"container\" data-e-type=\"container\">\n\t\t<div class=\"elementor-element elementor-element-5ce1f4c e-flex e-con-boxed e-con e-child\" data-id=\"5ce1f4c\" data-element_type=\"container\" data-e-type=\"container\">\n\t\t\t\t\t<div class=\"e-con-inner\">\n\t\t\t\t<div class=\"elementor-element elementor-element-0ee6131 elementor-widget elementor-widget-image\" data-id=\"0ee6131\" data-element_type=\"widget\" data-e-type=\"widget\" data-widget_type=\"image.default\">\n\t\t\t\t<div class=\"elementor-widget-container\">\n\t\t\t\t\t\t\t\t\t\t\t\t\t\t\t<img decoding=\"async\" width=\"507\" height=\"851\" src=\"https:\/\/obrascatolicas.com\/editorarealeza\/wp-content\/uploads\/2024\/07\/FOTO-PAPA.png\" class=\"attachment-large size-large wp-image-157061\" alt=\"\" srcset=\"https:\/\/obrascatolicas.com\/editorarealeza\/wp-content\/uploads\/2024\/07\/FOTO-PAPA.png 507w, https:\/\/obrascatolicas.com\/editorarealeza\/wp-content\/uploads\/2024\/07\/FOTO-PAPA-179x300.png 179w\" sizes=\"(max-width: 507px) 100vw, 507px\" \/>\t\t\t\t\t\t\t\t\t\t\t\t\t\t\t<\/div>\n\t\t\t\t<\/div>\n\t\t\t\t\t<\/div>\n\t\t\t\t<\/div>\n\t\t<div class=\"elementor-element elementor-element-6150412 e-flex e-con-boxed e-con e-child\" data-id=\"6150412\" data-element_type=\"container\" data-e-type=\"container\">\n\t\t\t\t\t<div class=\"e-con-inner\">\n\t\t\t\t<div class=\"elementor-element elementor-element-bf478b7 elementor-widget elementor-widget-heading\" data-id=\"bf478b7\" data-element_type=\"widget\" data-e-type=\"widget\" data-widget_type=\"heading.default\">\n\t\t\t\t<div class=\"elementor-widget-container\">\n\t\t\t\t\t<h2 class=\"elementor-heading-title elementor-size-default\">SOBRE A OBRA<\/h2>\t\t\t\t<\/div>\n\t\t\t\t<\/div>\n\t\t\t\t<div class=\"elementor-element elementor-element-eb1d2f7 elementor-widget__width-initial elementor-widget elementor-widget-heading\" data-id=\"eb1d2f7\" data-element_type=\"widget\" data-e-type=\"widget\" data-widget_type=\"heading.default\">\n\t\t\t\t<div class=\"elementor-widget-container\">\n\t\t\t\t\t<h2 class=\"elementor-heading-title elementor-size-default\">Uma An\u00e1lise Completa e Clara<\/h2>\t\t\t\t<\/div>\n\t\t\t\t<\/div>\n\t\t<div class=\"elementor-element elementor-element-640e41a e-con-full e-flex e-con e-child\" data-id=\"640e41a\" data-element_type=\"container\" data-e-type=\"container\" data-settings=\"{&quot;background_background&quot;:&quot;classic&quot;}\">\n\t\t\t\t<div class=\"elementor-element elementor-element-afcb99d elementor-widget elementor-widget-text-editor\" data-id=\"afcb99d\" data-element_type=\"widget\" data-e-type=\"widget\" data-widget_type=\"text-editor.default\">\n\t\t\t\t<div class=\"elementor-widget-container\">\n\t\t\t\t\t\t\t\t\t<p>A obra em quest\u00e3o <strong>trata da infalibilidade papal de modo integral e abundante<\/strong> com cita\u00e7\u00f5es de fontes e refer\u00eancias documentais, com objetividade e clareza dif\u00edceis de encontrar em outras fontes, aclarando com did\u00e1tica admir\u00e1vel a institui\u00e7\u00e3o do Primado Apost\u00f3lico, sua perpetuidade e seu magist\u00e9rio infal\u00edvel, abordando inclusive certas pol\u00eamicas muito discutidas agora, como o caso do Papa Hon\u00f3rio, acusado de ter incorrido em heresia p\u00fablica.<\/p><p>Al\u00e9m disso, trata sobre a Constitui\u00e7\u00e3o dogm\u00e1tica De Fide Catholica, tamb\u00e9m chamada Dei Filius, com temas fulcrais como a natureza de Deus Criador, a Revela\u00e7\u00e3o, a F\u00e9 e a raz\u00e3o.<\/p>\t\t\t\t\t\t\t\t<\/div>\n\t\t\t\t<\/div>\n\t\t\t\t<\/div>\n\t\t\t\t<div class=\"elementor-element elementor-element-9e51cc1 elementor-mobile-align-center elementor-widget elementor-widget-button\" data-id=\"9e51cc1\" data-element_type=\"widget\" data-e-type=\"widget\" data-widget_type=\"button.default\">\n\t\t\t\t<div class=\"elementor-widget-container\">\n\t\t\t\t\t\t\t\t\t<div class=\"elementor-button-wrapper\">\n\t\t\t\t\t<a class=\"elementor-button elementor-button-link elementor-size-sm\" href=\"https:\/\/www.loja.obrascatolicas.com\/concilio-vaticano-i\">\n\t\t\t\t\t\t<span class=\"elementor-button-content-wrapper\">\n\t\t\t\t\t\t\t\t\t<span class=\"elementor-button-text\">QUERO ADQUIRIR<\/span>\n\t\t\t\t\t<\/span>\n\t\t\t\t\t<\/a>\n\t\t\t\t<\/div>\n\t\t\t\t\t\t\t\t<\/div>\n\t\t\t\t<\/div>\n\t\t\t\t\t<\/div>\n\t\t\t\t<\/div>\n\t\t\t\t<\/div>\n\t\t\t\t<\/div>\n\t\t<div class=\"elementor-element elementor-element-022d682 e-flex e-con-boxed e-con e-parent\" data-id=\"022d682\" data-element_type=\"container\" data-e-type=\"container\" data-settings=\"{&quot;background_background&quot;:&quot;classic&quot;}\">\n\t\t\t\t\t<div class=\"e-con-inner\">\n\t\t<div class=\"elementor-element elementor-element-863efb2 e-flex e-con-boxed e-con e-child\" data-id=\"863efb2\" data-element_type=\"container\" data-e-type=\"container\">\n\t\t\t\t\t<div class=\"e-con-inner\">\n\t\t<div class=\"elementor-element elementor-element-8c88d15 e-flex e-con-boxed e-con e-child\" data-id=\"8c88d15\" data-element_type=\"container\" data-e-type=\"container\">\n\t\t\t\t\t<div class=\"e-con-inner\">\n\t\t\t\t<div class=\"elementor-element elementor-element-1a436de elementor-widget__width-initial elementor-widget elementor-widget-text-editor\" data-id=\"1a436de\" data-element_type=\"widget\" data-e-type=\"widget\" data-widget_type=\"text-editor.default\">\n\t\t\t\t<div class=\"elementor-widget-container\">\n\t\t\t\t\t\t\t\t\t<p><strong>Conc\u00edlio Vaticano I <\/strong>&#8211; Explica\u00e7\u00e3o dogm\u00e1tica, filos\u00f3fica e hist\u00f3rica dos decretos do Conc\u00edlio Ecum\u00eanico<\/p>\t\t\t\t\t\t\t\t<\/div>\n\t\t\t\t<\/div>\n\t\t\t\t<div class=\"elementor-element elementor-element-4bcd5b3 elementor-widget__width-initial elementor-widget elementor-widget-heading\" data-id=\"4bcd5b3\" data-element_type=\"widget\" data-e-type=\"widget\" data-widget_type=\"heading.default\">\n\t\t\t\t<div class=\"elementor-widget-container\">\n\t\t\t\t\t<h2 class=\"elementor-heading-title elementor-size-default\">Uma luz para nos conduzir na atual crise da Igreja<\/h2>\t\t\t\t<\/div>\n\t\t\t\t<\/div>\n\t\t<div class=\"elementor-element elementor-element-8951b2f e-con-full e-flex e-con e-child\" data-id=\"8951b2f\" data-element_type=\"container\" data-e-type=\"container\" data-settings=\"{&quot;background_background&quot;:&quot;classic&quot;}\">\n\t\t\t\t<div class=\"elementor-element elementor-element-11e5d4d elementor-widget elementor-widget-heading\" data-id=\"11e5d4d\" data-element_type=\"widget\" data-e-type=\"widget\" data-widget_type=\"heading.default\">\n\t\t\t\t<div class=\"elementor-widget-container\">\n\t\t\t\t\t<h2 class=\"elementor-heading-title elementor-size-default\">De R$ 79,90 Por:<\/h2>\t\t\t\t<\/div>\n\t\t\t\t<\/div>\n\t\t\t\t<div class=\"elementor-element elementor-element-806720d elementor-widget elementor-widget-heading\" data-id=\"806720d\" data-element_type=\"widget\" data-e-type=\"widget\" data-widget_type=\"heading.default\">\n\t\t\t\t<div class=\"elementor-widget-container\">\n\t\t\t\t\t<h2 class=\"elementor-heading-title elementor-size-default\">R$ 47,90<\/h2>\t\t\t\t<\/div>\n\t\t\t\t<\/div>\n\t\t\t\t<div class=\"elementor-element elementor-element-33452c9 elementor-widget elementor-widget-heading\" data-id=\"33452c9\" data-element_type=\"widget\" data-e-type=\"widget\" data-widget_type=\"heading.default\">\n\t\t\t\t<div class=\"elementor-widget-container\">\n\t\t\t\t\t<h2 class=\"elementor-heading-title elementor-size-default\">ECONOMIZE  R$ 32,00<\/h2>\t\t\t\t<\/div>\n\t\t\t\t<\/div>\n\t\t\t\t<\/div>\n\t\t<div class=\"elementor-element elementor-element-7b21c4a e-flex e-con-boxed e-con e-child\" data-id=\"7b21c4a\" data-element_type=\"container\" data-e-type=\"container\">\n\t\t\t\t\t<div class=\"e-con-inner\">\n\t\t\t\t<div class=\"elementor-element elementor-element-f7ca1f4 elementor-icon-list--layout-traditional elementor-list-item-link-full_width elementor-widget elementor-widget-icon-list\" data-id=\"f7ca1f4\" data-element_type=\"widget\" data-e-type=\"widget\" data-widget_type=\"icon-list.default\">\n\t\t\t\t<div class=\"elementor-widget-container\">\n\t\t\t\t\t\t\t<ul class=\"elementor-icon-list-items\">\n\t\t\t\t\t\t\t<li class=\"elementor-icon-list-item\">\n\t\t\t\t\t\t\t\t\t\t\t<span class=\"elementor-icon-list-icon\">\n\t\t\t\t\t\t\t<i aria-hidden=\"true\" class=\"fas fa-check-square\"><\/i>\t\t\t\t\t\t<\/span>\n\t\t\t\t\t\t\t\t\t\t<span class=\"elementor-icon-list-text\">Previs\u00e3o de envio: 10\/09\/24<\/span>\n\t\t\t\t\t\t\t\t\t<\/li>\n\t\t\t\t\t\t\t\t<li class=\"elementor-icon-list-item\">\n\t\t\t\t\t\t\t\t\t\t\t<span class=\"elementor-icon-list-icon\">\n\t\t\t\t\t\t\t<i aria-hidden=\"true\" class=\"fas fa-check-square\"><\/i>\t\t\t\t\t\t<\/span>\n\t\t\t\t\t\t\t\t\t\t<span class=\"elementor-icon-list-text\">Capa Brochura<\/span>\n\t\t\t\t\t\t\t\t\t<\/li>\n\t\t\t\t\t\t\t\t<li class=\"elementor-icon-list-item\">\n\t\t\t\t\t\t\t\t\t\t\t<span class=\"elementor-icon-list-icon\">\n\t\t\t\t\t\t\t<i aria-hidden=\"true\" class=\"fas fa-check-square\"><\/i>\t\t\t\t\t\t<\/span>\n\t\t\t\t\t\t\t\t\t\t<span class=\"elementor-icon-list-text\">Dimens\u00f5es: 14x21cm<\/span>\n\t\t\t\t\t\t\t\t\t<\/li>\n\t\t\t\t\t\t\t\t<li class=\"elementor-icon-list-item\">\n\t\t\t\t\t\t\t\t\t\t\t<span class=\"elementor-icon-list-icon\">\n\t\t\t\t\t\t\t<i aria-hidden=\"true\" class=\"fas fa-check-square\"><\/i>\t\t\t\t\t\t<\/span>\n\t\t\t\t\t\t\t\t\t\t<span class=\"elementor-icon-list-text\">300\u00a0p\u00e1ginas<\/span>\n\t\t\t\t\t\t\t\t\t<\/li>\n\t\t\t\t\t\t<\/ul>\n\t\t\t\t\t\t<\/div>\n\t\t\t\t<\/div>\n\t\t\t\t\t<\/div>\n\t\t\t\t<\/div>\n\t\t\t\t<div class=\"elementor-element elementor-element-00aacb1 elementor-mobile-align-center elementor-widget elementor-widget-button\" data-id=\"00aacb1\" data-element_type=\"widget\" data-e-type=\"widget\" data-widget_type=\"button.default\">\n\t\t\t\t<div class=\"elementor-widget-container\">\n\t\t\t\t\t\t\t\t\t<div class=\"elementor-button-wrapper\">\n\t\t\t\t\t<a class=\"elementor-button elementor-button-link elementor-size-sm\" href=\"https:\/\/www.loja.obrascatolicas.com\/concilio-vaticano-i\">\n\t\t\t\t\t\t<span class=\"elementor-button-content-wrapper\">\n\t\t\t\t\t\t\t\t\t<span class=\"elementor-button-text\">QUERO ADQUIRIR<\/span>\n\t\t\t\t\t<\/span>\n\t\t\t\t\t<\/a>\n\t\t\t\t<\/div>\n\t\t\t\t\t\t\t\t<\/div>\n\t\t\t\t<\/div>\n\t\t\t\t\t<\/div>\n\t\t\t\t<\/div>\n\t\t<div class=\"elementor-element elementor-element-c253b2a e-flex e-con-boxed e-con e-child\" data-id=\"c253b2a\" data-element_type=\"container\" data-e-type=\"container\">\n\t\t\t\t\t<div class=\"e-con-inner\">\n\t\t\t\t<div class=\"elementor-element elementor-element-528127b elementor-widget elementor-widget-image\" data-id=\"528127b\" data-element_type=\"widget\" data-e-type=\"widget\" data-widget_type=\"image.default\">\n\t\t\t\t<div class=\"elementor-widget-container\">\n\t\t\t\t\t\t\t\t\t\t\t\t\t\t\t<img loading=\"lazy\" decoding=\"async\" width=\"612\" height=\"809\" src=\"https:\/\/obrascatolicas.com\/editorarealeza\/wp-content\/uploads\/2024\/07\/MOCKUP-AREA-DE-PRECO.png\" class=\"attachment-large size-large wp-image-157075\" alt=\"\" srcset=\"https:\/\/obrascatolicas.com\/editorarealeza\/wp-content\/uploads\/2024\/07\/MOCKUP-AREA-DE-PRECO.png 612w, https:\/\/obrascatolicas.com\/editorarealeza\/wp-content\/uploads\/2024\/07\/MOCKUP-AREA-DE-PRECO-600x793.png 600w, https:\/\/obrascatolicas.com\/editorarealeza\/wp-content\/uploads\/2024\/07\/MOCKUP-AREA-DE-PRECO-227x300.png 227w\" sizes=\"(max-width: 612px) 100vw, 612px\" \/>\t\t\t\t\t\t\t\t\t\t\t\t\t\t\t<\/div>\n\t\t\t\t<\/div>\n\t\t\t\t\t<\/div>\n\t\t\t\t<\/div>\n\t\t\t\t\t<\/div>\n\t\t\t\t<\/div>\n\t\t\t\t\t<\/div>\n\t\t\t\t<\/div>\n\t\t<div class=\"elementor-element elementor-element-4a2e03b e-flex e-con-boxed e-con e-parent\" data-id=\"4a2e03b\" data-element_type=\"container\" data-e-type=\"container\" data-settings=\"{&quot;background_background&quot;:&quot;classic&quot;}\">\n\t\t\t\t\t<div class=\"e-con-inner\">\n\t\t<div class=\"elementor-element elementor-element-cca5ad1 e-con-full e-flex e-con e-child\" data-id=\"cca5ad1\" data-element_type=\"container\" data-e-type=\"container\">\n\t\t\t\t<div class=\"elementor-element elementor-element-16a60da elementor-widget elementor-widget-image\" data-id=\"16a60da\" data-element_type=\"widget\" data-e-type=\"widget\" data-widget_type=\"image.default\">\n\t\t\t\t<div class=\"elementor-widget-container\">\n\t\t\t\t\t\t\t\t\t\t\t\t\t\t\t<img loading=\"lazy\" decoding=\"async\" width=\"224\" height=\"32\" src=\"https:\/\/obrascatolicas.com\/editorarealeza\/wp-content\/uploads\/2024\/07\/ARABESCO.png\" class=\"attachment-large size-large wp-image-157082\" alt=\"\" \/>\t\t\t\t\t\t\t\t\t\t\t\t\t\t\t<\/div>\n\t\t\t\t<\/div>\n\t\t\t\t<div class=\"elementor-element elementor-element-5ad0f51 elementor-widget elementor-widget-heading\" data-id=\"5ad0f51\" data-element_type=\"widget\" data-e-type=\"widget\" data-widget_type=\"heading.default\">\n\t\t\t\t<div class=\"elementor-widget-container\">\n\t\t\t\t\t<h2 class=\"elementor-heading-title elementor-size-default\">A Hist\u00f3ria de um Conc\u00edlio Inacabado<\/h2>\t\t\t\t<\/div>\n\t\t\t\t<\/div>\n\t\t\t\t<\/div>\n\t\t\t\t<div class=\"elementor-element elementor-element-9678c52 elementor-widget elementor-widget-image\" data-id=\"9678c52\" data-element_type=\"widget\" data-e-type=\"widget\" data-widget_type=\"image.default\">\n\t\t\t\t<div class=\"elementor-widget-container\">\n\t\t\t\t\t\t\t\t\t\t\t\t\t\t\t<img loading=\"lazy\" decoding=\"async\" width=\"763\" height=\"546\" src=\"https:\/\/obrascatolicas.com\/editorarealeza\/wp-content\/uploads\/2024\/07\/MOLDURA-FOTO-CVI-1.png\" class=\"attachment-large size-large wp-image-157081\" alt=\"\" srcset=\"https:\/\/obrascatolicas.com\/editorarealeza\/wp-content\/uploads\/2024\/07\/MOLDURA-FOTO-CVI-1.png 763w, https:\/\/obrascatolicas.com\/editorarealeza\/wp-content\/uploads\/2024\/07\/MOLDURA-FOTO-CVI-1-600x429.png 600w, https:\/\/obrascatolicas.com\/editorarealeza\/wp-content\/uploads\/2024\/07\/MOLDURA-FOTO-CVI-1-300x215.png 300w\" sizes=\"(max-width: 763px) 100vw, 763px\" \/>\t\t\t\t\t\t\t\t\t\t\t\t\t\t\t<\/div>\n\t\t\t\t<\/div>\n\t\t<div class=\"elementor-element elementor-element-2c54c3f e-flex e-con-boxed e-con e-child\" data-id=\"2c54c3f\" data-element_type=\"container\" data-e-type=\"container\">\n\t\t\t\t\t<div class=\"e-con-inner\">\n\t\t\t\t<div class=\"elementor-element elementor-element-f0089b4 elementor-widget elementor-widget-text-editor\" data-id=\"f0089b4\" data-element_type=\"widget\" data-e-type=\"widget\" data-widget_type=\"text-editor.default\">\n\t\t\t\t<div class=\"elementor-widget-container\">\n\t\t\t\t\t\t\t\t\t<p>O Conc\u00edlio do Vaticano (1869-1870), convocado pelo Papa Pio IX, representava uma reafirma\u00e7\u00e3o clara da doutrina genuinamente cat\u00f3lica da Revela\u00e7\u00e3o, conforme definida pelo Conc\u00edlio de Trento. Tinha como fim refutar a influ\u00eancia modernista no seio da Igreja, mas terminou sendo interrompido com a eclos\u00e3o da guerra franco-prussiana, sem jamais ter sido retomado. Em paralelo \u00e0 guerra, acontecia a tomada de Roma e prov\u00edncias pr\u00f3ximas pelas tropas italianas. Pio IX, sem entrar em acordo com os invasores, considerou que a liberdade do Conc\u00edlio j\u00e1 n\u00e3o estava assegurada e julgou necess\u00e1rio prorrog\u00e1-lo por tempo indeterminado. Essa prorroga\u00e7\u00e3o, decretada em 20 de outubro, acabou na pr\u00e1tica marcando o fim dos trabalhos conciliares at\u00e9 os nossos dias.<\/p><p>A inten\u00e7\u00e3o declarada era retomar as atividades o mais breve poss\u00edvel. Isso, infelizmente, nunca aconteceu: jamais houve uma cerim\u00f4nia de encerramento e, muito pior, nunca houve a conclus\u00e3o dos trabalhos iniciados. Ainda assim, este conc\u00edlio definiu dogmas important\u00edssimos, como o da infalibilidade papal.<\/p>\t\t\t\t\t\t\t\t<\/div>\n\t\t\t\t<\/div>\n\t\t\t\t\t<\/div>\n\t\t\t\t<\/div>\n\t\t\t\t<div class=\"elementor-element elementor-element-1d05df0 elementor-widget elementor-widget-button\" data-id=\"1d05df0\" data-element_type=\"widget\" data-e-type=\"widget\" data-widget_type=\"button.default\">\n\t\t\t\t<div class=\"elementor-widget-container\">\n\t\t\t\t\t\t\t\t\t<div class=\"elementor-button-wrapper\">\n\t\t\t\t\t<a class=\"elementor-button elementor-button-link elementor-size-sm\" href=\"https:\/\/www.loja.obrascatolicas.com\/concilio-vaticano-i\">\n\t\t\t\t\t\t<span class=\"elementor-button-content-wrapper\">\n\t\t\t\t\t\t\t\t\t<span class=\"elementor-button-text\">QUERO ADQUIRIR<\/span>\n\t\t\t\t\t<\/span>\n\t\t\t\t\t<\/a>\n\t\t\t\t<\/div>\n\t\t\t\t\t\t\t\t<\/div>\n\t\t\t\t<\/div>\n\t\t\t\t\t<\/div>\n\t\t\t\t<\/div>\n\t\t\t\t<\/div>\n\t\t","protected":false},"excerpt":{"rendered":"<p>Entenda a Infalibilidade Papal com clareza e profundidade. Vivemos tempos de confus\u00e3o na Igreja, com prega\u00e7\u00f5es aberrantes de alguns pastores, levando os leigos a se dividirem em grupos com opini\u00f5es conflitantes. A correta compreens\u00e3o da infalibilidade papal \u00e9 essencial para superar essa dificuldade e encontrar solu\u00e7\u00e3o. QUERO ADQUIRIR SOBRE A OBRA Uma An\u00e1lise Completa e [&hellip;]<\/p>\n","protected":false},"author":2,"featured_media":0,"parent":0,"menu_order":0,"comment_status":"closed","ping_status":"closed","template":"elementor_canvas","meta":{"site-sidebar-layout":"no-sidebar","site-content-layout":"page-builder","ast-site-content-layout":"default","site-content-style":"default","site-sidebar-style":"default","ast-global-header-display":"","ast-banner-title-visibility":"","ast-main-header-display":"","ast-hfb-above-header-display":"","ast-hfb-below-header-display":"","ast-hfb-mobile-header-display":"","site-post-title":"disabled","ast-breadcrumbs-content":"","ast-featured-img":"disabled","footer-sml-layout":"","ast-disable-related-posts":"","theme-transparent-header-meta":"","adv-header-id-meta":"","stick-header-meta":"","header-above-stick-meta":"","header-main-stick-meta":"","header-below-stick-meta":"","astra-migrate-meta-layouts":"default","ast-page-background-enabled":"default","ast-page-background-meta":{"desktop":{"background-color":"","background-image":"","background-repeat":"repeat","background-position":"center center","background-size":"auto","background-attachment":"scroll","background-type":"","background-media":"","overlay-type":"","overlay-color":"","overlay-opacity":"","overlay-gradient":""},"tablet":{"background-color":"","background-image":"","background-repeat":"repeat","background-position":"center center","background-size":"auto","background-attachment":"scroll","background-type":"","background-media":"","overlay-type":"","overlay-color":"","overlay-opacity":"","overlay-gradient":""},"mobile":{"background-color":"","background-image":"","background-repeat":"repeat","background-position":"center center","background-size":"auto","background-attachment":"scroll","background-type":"","background-media":"","overlay-type":"","overlay-color":"","overlay-opacity":"","overlay-gradient":""}},"ast-content-background-meta":{"desktop":{"background-color":"var(--ast-global-color-5)","background-image":"","background-repeat":"repeat","background-position":"center center","background-size":"auto","background-attachment":"scroll","background-type":"","background-media":"","overlay-type":"","overlay-color":"","overlay-opacity":"","overlay-gradient":""},"tablet":{"background-color":"var(--ast-global-color-5)","background-image":"","background-repeat":"repeat","background-position":"center center","background-size":"auto","background-attachment":"scroll","background-type":"","background-media":"","overlay-type":"","overlay-color":"","overlay-opacity":"","overlay-gradient":""},"mobile":{"background-color":"var(--ast-global-color-5)","background-image":"","background-repeat":"repeat","background-position":"center center","background-size":"auto","background-attachment":"scroll","background-type":"","background-media":"","overlay-type":"","overlay-color":"","overlay-opacity":"","overlay-gradient":""}},"footnotes":""},"folder":[],"class_list":["post-157041","page","type-page","status-publish","hentry"],"_links":{"self":[{"href":"https:\/\/obrascatolicas.com\/editorarealeza\/wp-json\/wp\/v2\/pages\/157041","targetHints":{"allow":["GET"]}}],"collection":[{"href":"https:\/\/obrascatolicas.com\/editorarealeza\/wp-json\/wp\/v2\/pages"}],"about":[{"href":"https:\/\/obrascatolicas.com\/editorarealeza\/wp-json\/wp\/v2\/types\/page"}],"author":[{"embeddable":true,"href":"https:\/\/obrascatolicas.com\/editorarealeza\/wp-json\/wp\/v2\/users\/2"}],"replies":[{"embeddable":true,"href":"https:\/\/obrascatolicas.com\/editorarealeza\/wp-json\/wp\/v2\/comments?post=157041"}],"version-history":[{"count":3,"href":"https:\/\/obrascatolicas.com\/editorarealeza\/wp-json\/wp\/v2\/pages\/157041\/revisions"}],"predecessor-version":[{"id":159077,"href":"https:\/\/obrascatolicas.com\/editorarealeza\/wp-json\/wp\/v2\/pages\/157041\/revisions\/159077"}],"wp:attachment":[{"href":"https:\/\/obrascatolicas.com\/editorarealeza\/wp-json\/wp\/v2\/media?parent=157041"}],"wp:term":[{"taxonomy":"folder","embeddable":true,"href":"https:\/\/obrascatolicas.com\/editorarealeza\/wp-json\/wp\/v2\/folder?post=157041"}],"curies":[{"name":"wp","href":"https:\/\/api.w.org\/{rel}","templated":true}]}}